{"id":11623,"date":"2023-02-21T14:32:16","date_gmt":"2023-02-21T14:32:16","guid":{"rendered":"https:\/\/treatro.it\/?page_id=11623"},"modified":"2023-02-22T13:18:14","modified_gmt":"2023-02-22T13:18:14","slug":"s-calvino-o-della-liberta","status":"publish","type":"page","link":"https:\/\/treatro.it\/?page_id=11623","title":{"rendered":"s\/Calvino o della libert\u00e0"},"content":{"rendered":"<div class=\"mp-row-fluid motopress-row mpce-dsbl-margin-left mpce-dsbl-margin-right\">\n<div class=\"motopress-clmn mp-span12  mpce-dsbl-margin-left mpce-dsbl-margin-right\">\n<div class=\"mp-row-fluid motopress-row mpce-dsbl-margin-left mpce-dsbl-margin-right motopress-margin-top-50\">\n<div class=\"motopress-clmn mp-span12 mpce-dsbl-margin-left mpce-dsbl-margin-right\">\n<div class=\"motopress-text-obj\">\n<h2><span style=\"color: #ff0000;\">s\/Calvino o della liberta\u0300<\/span><\/h2>\n<\/div>\n<\/div>\n<\/div>\n<div class=\"mp-row-fluid motopress-row mpce-dsbl-margin-left mpce-dsbl-margin-right\">\n<div class=\"motopress-clmn mp-span7 mpce-dsbl-margin-left mpce-dsbl-margin-right\">\n<div class=\"motopress-code-obj\">\n<p><strong>Sabato 1 Aprile &#8211; ore 21:00<\/strong><br \/><span style=\"color: #ff0000;\">GARDONE VAL TROMPIA \u2013 INZINO<\/span><br \/>Cinema teatro \u2013 via Volta<br \/><strong>ingresso 10 euro &#8211; ridotto 7 euro<\/strong><\/p>\n<p>uno spettacolo di <strong>Mario Perrotta<\/strong><br \/>con <strong>Mario Perrotta<\/strong><br \/>produzione <strong>Perm\u00e0r, Emilia Romagna Teatro ERT \/ Teatro Nazionale<\/strong><\/p>\n<\/div>\n<\/div>\n<div class=\"motopress-clmn mp-span5 mpce-dsbl-margin-left mpce-dsbl-margin-right\">\n<div class=\"motopress-code-obj\">\n<p><img decoding=\"async\" src=\"https:\/\/treatro.it\/wp-content\/uploads\/2023\/02\/s_calvino.jpg\" alt=\"\" \/><\/p>\n<\/div>\n<\/div>\n<\/div>\n<div class=\"mp-row-fluid motopress-row mpce-dsbl-margin-left mpce-dsbl-margin-right\">\n<div class=\"motopress-clmn mp-span12 mpce-dsbl-margin-left mpce-dsbl-margin-right\">\n<div class=\"motopress-button-obj motopress-text-align-left\"><a href=\"https:\/\/treatro.it\/wp-content\/uploads\/2023\/02\/LIBRETTO-proposte-2023.pdf\" target=\"_blank\" class=\"motopress-btn motopress-btn-rounded motopress-btn-color-red motopress-btn-size-middle\">Proposte 2023<\/a><\/div>\n<\/div>\n<\/div>\n<\/div>\n<\/div>\n<div class=\"mp-row-fluid motopress-row mpce-dsbl-margin-left mpce-dsbl-margin-right\">\n<div class=\"motopress-clmn mp-span12  mpce-dsbl-margin-left mpce-dsbl-margin-right  motopress-empty mp-hidden-phone\">\n<\/div>\n<\/div>\n<div class=\"mp-row-fluid motopress-row mpce-dsbl-margin-left mpce-dsbl-margin-right\">\n<div class=\"motopress-clmn mp-span12  mpce-dsbl-margin-left mpce-dsbl-margin-right\">\n<div class=\"mp-row-fluid motopress-row mpce-dsbl-margin-left mpce-dsbl-margin-right\">\n<div class=\"motopress-clmn mp-span12 mpce-dsbl-margin-left mpce-dsbl-margin-right\">\n<div class=\"motopress-code-obj\">\n<p class=\"p1\"><span class=\"s1\">In scena un uomo, o meglio, la sua voce interiore. Tra i tanti abitanti delle pagine dei romanzi di Calvino, \u00e8 quello meno libero: ha un corpo, una lingua e una mente che non rispondono alla sua urgenza di dire, di agire.<\/span><\/p>\n<p class=\"p1\"><span class=\"s1\">Oggi e solo oggi, per\u00f2, ha deciso di fare spettacolo della sua esistenza, dei suoi pensieri, dei sentimenti che lo agitano. Lui, inchiodato com\u2019\u00e8 a una croce che non ha voluto, ha deciso di prendersi un\u2019ora d\u2019aria, un\u2019ora e poco pi\u00f9 di libert\u00e0.<\/span><\/p>\n<p class=\"p1\"><span class=\"s1\">E la cerca, la libert\u00e0, tra le pagine dei romanzi del \u201csignor Calvino Italo\u201d, la racconta come sa e come pu\u00f2, la trasforma in versi, in musica, in parabole e collegamenti iperbolici tra un romanzo e l\u2019altro, in canzoni-teatro sarcastiche e frenetiche e improvvisi minuetti intimi.<\/span><\/p>\n<p class=\"p1\"><span class=\"s1\">Il tutto mentre accanto scorre, amaramente ironica, la sua personalissima storia d\u2019amore, una storia impossibile per quel corpo e quella lingua incapaci di parlare\u2026<\/span><\/p>\n<p class=\"p3\"><span class=\"s1\"><i>quale libert\u00e0<\/i><\/span><\/p>\n<p class=\"p1\"><span class=\"s1\">Libert\u00e0 \u00e8 una parola che segna con forza la nostra contemporaneit\u00e0, soprattutto dopo che la recente pandemia ci ha ricordato drammaticamente il senso delle parole segregazione, isolamento, costrizione, solitudine. Oggi, ognuno di noi vorrebbe essere \u201clibero\u201d. Libero di fare, libero di muoversi, di autodeterminarsi, di dire la propria sui Social, di esprimere se stesso senza se e senza ma. Questo desiderio profondo e ancestrale di libert\u00e0, per\u00f2, si scontra \u2013 e da sempre \u2013 con la libert\u00e0 dell\u2019altro, di chi mi sta accanto, di chi mi abita di fronte, di chi ha idee diverse dalle mie, di chi usa modi diversi dai miei per esporre il suo pensiero. E allora \u00e8 il momento di riparlare di libert\u00e0, di riflettere su quel passaggio delicato e fondamentale in cui la \u201cmia\u201d libert\u00e0 diventa la \u201cnostra\u201d libert\u00e0.<\/span><\/p>\n<p class=\"p3\"><span class=\"s1\"><i><span class=\"Apple-converted-space\">\u00a0<\/span>Calvino in soccorso<\/i><\/span><\/p>\n<p class=\"p1\"><span class=\"s1\">Molti sono stati i mesi abitati da queste riflessioni e per ovvie ragioni, ma niente che sembrasse avere a che fare con la possibilit\u00e0 di un progetto teatrale. Poi, all\u2019improvviso \u2013 ed era una notte d\u2019inverno \u2013 Calvino. Corro a cercare la prima opera che trovo delle sue e cado sulla trilogia I nostri antenati; nella prefazione dello stesso Calvino, trovo scritto: \u00abuna trilogia sul come realizzarsi esseri umani, tre gradi di approccio alla libert\u00e0\u00bb. \u00c8 tutto l\u00ec, in quella frase, in quei capolavori letti prima con lo stupore giovanile e poi con il disincanto dell\u2019adulto, \u00e8 tutto in quell\u2019anelito di libert\u00e0 cercato tra i rami di un albero, in quella lettura che Calvino stesso fornisce del Barone: \u00abla prima lezione che potremmo trarre dal libro \u00e8 che la disobbedienza acquista un senso solo quando diventa una disciplina morale pi\u00f9 rigorosa e ardua di quella a cui si ribella\u00bb. E scorrono leggere le letture dei tre romanzi, seguite da citt\u00e0 invisibili, comiche cosmiche, signori Palomar e giornate da scrutatore elettorale\u2026 Da questo lungo ri-percorrere la sua opera ne ho voluto trarre, come sempre ho fatto con i classici, un componimento originale per dare corpo e carne e teatro a quegli interrogativi sulla libert\u00e0, sull\u2019autodeterminazione, interrogativi che, in modo costante e dominante, attraversano tutti i capolavori di Italo Calvino. Un omaggio personalissimo a un autore che ha saputo modellare la mia visione delle cose del mondo.<span class=\"Apple-converted-space\">\u00a0 \u00a0 <\/span><i>Mario Perrotta<\/i><\/span><\/p>\n<\/div>\n<\/div>\n<\/div>\n<\/div>\n<\/div>\n<div class=\"mp-row-fluid motopress-row mpce-dsbl-margin-left mpce-dsbl-margin-right\">\n<div class=\"motopress-clmn mp-span12  mpce-dsbl-margin-left mpce-dsbl-margin-right\">\n<div class=\"motopress-button-obj motopress-text-align-left\"><a href=\"https:\/\/www.marioperrotta.com\/spettacoli\/scalvino\" target=\"_blank\" class=\"motopress-btn motopress-btn-size-middle motopress-btn-rounded motopress-btn-icon-indent-small motopress-btn-color-red\">Scopri di pi\u00f9<\/a><\/div>\n<\/div>\n<\/div>\n<div class=\"mp-row-fluid motopress-row mpce-dsbl-margin-left mpce-dsbl-margin-right\">\n<div class=\"motopress-clmn mp-span12  mpce-dsbl-margin-left mpce-dsbl-margin-right\">\n<div class=\"motopress-code-obj\">\n<p><img decoding=\"async\" src=\"https:\/\/treatro.it\/wp-content\/uploads\/2023\/02\/PERROTTA.jpg\" alt=\"\" \/><\/p>\n<\/div>\n<\/div>\n<\/div>\n","protected":false},"excerpt":{"rendered":"s\/Calvino o della liberta\u0300 Sabato 1 Aprile &#8211; ore 21:00GARDONE VAL TROMPIA \u2013 INZINOCinema teatro \u2013 via Voltaingresso 10 euro &#8211; ridotto 7 euro uno spettacolo di Mario Perrottacon Mario Perrottaproduzione Perm\u00e0r, Emilia Romagna Teatro ERT \/ Teatro Nazionale Proposte 2023 In scena un uomo, o meglio, la sua voce interiore. Tra i tanti abitanti [&hellip;]","protected":false},"author":2,"featured_media":0,"parent":0,"menu_order":0,"comment_status":"closed","ping_status":"closed","template":"","meta":{"footnotes":""},"_links":{"self":[{"href":"https:\/\/treatro.it\/index.php?rest_route=\/wp\/v2\/pages\/11623"}],"collection":[{"href":"https:\/\/treatro.it\/index.php?rest_route=\/wp\/v2\/pages"}],"about":[{"href":"https:\/\/treatro.it\/index.php?rest_route=\/wp\/v2\/types\/page"}],"author":[{"embeddable":true,"href":"https:\/\/treatro.it\/index.php?rest_route=\/wp\/v2\/users\/2"}],"replies":[{"embeddable":true,"href":"https:\/\/treatro.it\/index.php?rest_route=%2Fwp%2Fv2%2Fcomments&post=11623"}],"version-history":[{"count":3,"href":"https:\/\/treatro.it\/index.php?rest_route=\/wp\/v2\/pages\/11623\/revisions"}],"predecessor-version":[{"id":11646,"href":"https:\/\/treatro.it\/index.php?rest_route=\/wp\/v2\/pages\/11623\/revisions\/11646"}],"wp:attachment":[{"href":"https:\/\/treatro.it\/index.php?rest_route=%2Fwp%2Fv2%2Fmedia&parent=11623"}],"curies":[{"name":"wp","href":"https:\/\/api.w.org\/{rel}","templated":true}]}}