{"id":11117,"date":"2020-01-08T12:52:53","date_gmt":"2020-01-08T12:52:53","guid":{"rendered":"https:\/\/treatro.it\/?page_id=11117"},"modified":"2021-06-10T14:24:01","modified_gmt":"2021-06-10T14:24:01","slug":"2020-2","status":"publish","type":"page","link":"https:\/\/treatro.it\/?page_id=11117","title":{"rendered":"2020"},"content":{"rendered":"<p><a href=\"https:\/\/treatro.it\/wp-content\/uploads\/2020\/09\/pieghevole-NEW.pdf\" download=\"pieghevole-NEW.pdf\">Proposta20 PDF<\/a><\/p>\n<h2>PROPOSTA 2020<\/h2>\n<p class=\"western\" style=\"margin-bottom: 0cm;\" align=\"center\"><span style=\"font-family: 'Times New Roman', serif;\"><span style=\"font-size: 15pt;\"><span lang=\"it-IT\"><b>Comunit\u00e0 Montana di Valle Trompia \u2013 <\/b><\/span><\/span><\/span><span style=\"font-family: 'Times New Roman', serif;\"><span style=\"font-size: 15pt;\"><span lang=\"it-IT\">Assessorato alla Cultura<\/span><\/span><\/span><\/p>\n<p class=\"western\" style=\"margin-bottom: 0cm;\" align=\"center\"><span style=\"font-family: 'Times New Roman', serif;\"><span style=\"font-size: 15pt;\"><span lang=\"it-IT\"><b>\u00a0 \u00a0 \u00a0 \u00a0treatro terrediconfine \u2013 <\/b><\/span><\/span><\/span><span style=\"font-family: 'Times New Roman', serif;\"><span style=\"font-size: 15pt;\"><span lang=\"it-IT\">Associazione culturale\u00a0<\/span><\/span><\/span><\/p>\n<p class=\"western\" style=\"margin-bottom: 0cm;\" align=\"center\"><span style=\"font-family: 'Times New Roman', serif;\"><span style=\"font-size: 15pt;\"><b>Circuiti spettacolo dal vivo &#8211; Regione Lombardia<\/b><\/span><\/span><\/p>\n<p class=\"western\" style=\"margin-bottom: 0cm;\" align=\"center\"><span style=\"font-family: Dosis; font-size: 62px; font-weight: normal; letter-spacing: 0px;\">\u00a0<\/span><\/p>\n<p>2020-02-07 21:00:00<\/p>\n<pre class=\"western\"><span style=\"font-family: 'Times New Roman', serif;\"><span style=\"font-size: 12pt;\"><span lang=\"it-IT\"><span style=\"font-size: 48px;\">RestArt<\/span>\nProgetto teatrale per la Valle Trompia\n<\/span><\/span><\/span><span style=\"font-family: 'Times New Roman', serif;\"><span style=\"font-size: 14pt;\"><span lang=\"it-IT\"><b>13 Settembre - 5 Dicembre\n<\/b><\/span><\/span><\/span><span style=\"color: #000000;\"><span style=\"font-family: 'Times New Roman', serif;\"><span style=\"font-size: 12pt;\"><span lang=\"it-IT\"><b>Comuni aderenti:<\/b><\/span><\/span><\/span><\/span> <span style=\"font-family: 'Times New Roman', serif;\"><span style=\"font-size: 14pt;\"><span lang=\"it-IT\"><b>Bovezzo; Caino; Concesio; Gardone Val Trompia; Lodrino; Marcheno; Marmentino; Nave; Pezzaze; Sarezzo; Tavernole sul  Mella; Villa Carcina<\/b><\/span><\/span><\/span><\/pre>\n<p class=\"western\" style=\"margin-bottom: 0.35cm;\" align=\"justify\"><span style=\"font-size: 18px;\"> <span style=\"color: #000000;\"><span style=\"font-family: 'Times New Roman', serif;\"><span lang=\"it-IT\">Il progetto teatrale per la Valle Trompia \u201cProposta\u201d, organizzata dalla <\/span><\/span><\/span><span style=\"color: #000000;\"><span style=\"font-family: 'Times New Roman', serif;\"><span lang=\"it-IT\"><b>Comunit\u00e0 Montana<\/b><\/span><\/span><\/span> <span style=\"color: #000000;\"><span style=\"font-family: 'Times New Roman', serif;\"><span lang=\"it-IT\"><b>di Valle Trompia<\/b><\/span><\/span><\/span><span style=\"color: #000000;\"><span style=\"font-family: 'Times New Roman', serif;\"><span lang=\"it-IT\"> con la direzione artistica di <\/span><\/span><\/span><span style=\"color: #000000;\"><span style=\"font-family: 'Times New Roman', serif;\"><span lang=\"it-IT\"><b>treatro terrediconfine Associazione Culturale<\/b><\/span><\/span><\/span><span style=\"color: #000000;\"><span style=\"font-family: 'Times New Roman', serif;\"><span lang=\"it-IT\">, in collaborazione con i Comuni aderenti, <\/span><\/span><\/span><strong><span style=\"color: #000000;\"><span style=\"font-family: 'Times New Roman', serif;\"><span lang=\"it-IT\"><span style=\"font-weight: normal;\">di molti sponsor locali e con il contributo di \u201cCircuiti spettacolo dal vivo\u201d della Regione Lombardia, <\/span><\/span><\/span><\/span><\/strong><span style=\"color: #000000;\"><span style=\"font-family: 'Times New Roman', serif;\"><span lang=\"it-IT\"> anche quest\u2019anno si articoler\u00e0 sul territorio della Valle presentando spettacoli diversificati per coinvolgere un pubblico variegato.<\/span><\/span><\/span><\/span><\/p>\n<p class=\"western\" style=\"margin-bottom: 0.35cm;\" align=\"justify\"><span style=\"font-size: 18px;\"><span style=\"color: #000000;\"><span style=\"font-family: 'Times New Roman', serif;\"><span lang=\"it-IT\">Da sempre caratterizzata da una poetica sociale, la rassegna 2020 mantiene questa sensibilit\u00e0 privilegiando, nell\u2019odierna edizione, alcune tematiche: quelle dei giovani e degli anziani, dell\u2019accoglienza, dell\u2019ambiente, dello sport e della tifoseria sportiva, della memoria, nella convinzione che il teatro debba parlare alla gente del proprio tempo, incoraggiando riflessioni, nuovi pensieri ed intense emozioni. Legata al territorio, la rassegna ha saputo coglierne istanze e umori cercando di orientare le scelte su argomenti suggeriti da chi ama la socialit\u00e0 di uno spazio teatrale.<\/span><\/span><\/span> <\/span><\/p>\n<p>&nbsp;<\/p>\n<p class=\"western\" style=\"margin-bottom: 0.35cm; font-style: normal; font-weight: normal;\" align=\"justify\"><span style=\"font-size: 18px;\"> <span style=\"font-family: 'Times New Roman', serif;\">Siamo in un momento storico in cui il cambiamento appare inevitabile eppure lontano. I sistemi di riferimento sono consumati, le nuove tecnologie creano nuove dinamiche e prospettive: tutto muta, pur rimanendo identico. E in questo gattopardiano periodo in cui ci troviamo stranieri al nostro territorio e a noi, in cui non capiamo cosa accade, in cui tutto sembra essere filtrato, il teatro ha bisogno di una direzione per esistere ancora: una direzione umana. Perch\u00e9 l\u2019umanit\u00e0 \u00e8 una questione di mani, cos\u00ec come il teatro: mani che costruiscono, che si sporcano, che stringono e che si incontrano. Mani che lottano, mani uniche, irripetibili, che possono unirsi e stringersi insieme. Mani che resistono! Alle umiliazioni, al freddo, alla solitudine, e all\u2019isolamento. Mani che si cercano e che possono ancora trovarsi. Mani che ci chiamano e si chiamano. Che pretendono di essere diverse e non per questo giudicate, simili ma non per questo uguali. \u00c8 nello spazio tra le nostre mani che il teatro trova ancora il desiderio di esistere, l\u2019orgoglio di continuare, la possibilit\u00e0 di ricominciare e noi con lui.<\/span><\/span><\/p>\n","protected":false},"excerpt":{"rendered":"Proposta20 PDF PROPOSTA 2020 Comunit\u00e0 Montana di Valle Trompia \u2013 Assessorato alla Cultura \u00a0 \u00a0 \u00a0 \u00a0treatro terrediconfine \u2013 Associazione culturale\u00a0 Circuiti spettacolo dal vivo &#8211; Regione Lombardia \u00a0 2020-02-07 21:00:00 RestArt Progetto teatrale per la Valle Trompia 13 Settembre &#8211; 5 Dicembre Comuni aderenti: Bovezzo; Caino; Concesio; Gardone Val Trompia; Lodrino; Marcheno; Marmentino; Nave; [&hellip;]","protected":false},"author":1,"featured_media":0,"parent":10506,"menu_order":0,"comment_status":"closed","ping_status":"closed","template":"","meta":{"footnotes":""},"_links":{"self":[{"href":"https:\/\/treatro.it\/index.php?rest_route=\/wp\/v2\/pages\/11117"}],"collection":[{"href":"https:\/\/treatro.it\/index.php?rest_route=\/wp\/v2\/pages"}],"about":[{"href":"https:\/\/treatro.it\/index.php?rest_route=\/wp\/v2\/types\/page"}],"author":[{"embeddable":true,"href":"https:\/\/treatro.it\/index.php?rest_route=\/wp\/v2\/users\/1"}],"replies":[{"embeddable":true,"href":"https:\/\/treatro.it\/index.php?rest_route=%2Fwp%2Fv2%2Fcomments&post=11117"}],"version-history":[{"count":9,"href":"https:\/\/treatro.it\/index.php?rest_route=\/wp\/v2\/pages\/11117\/revisions"}],"predecessor-version":[{"id":11407,"href":"https:\/\/treatro.it\/index.php?rest_route=\/wp\/v2\/pages\/11117\/revisions\/11407"}],"up":[{"embeddable":true,"href":"https:\/\/treatro.it\/index.php?rest_route=\/wp\/v2\/pages\/10506"}],"wp:attachment":[{"href":"https:\/\/treatro.it\/index.php?rest_route=%2Fwp%2Fv2%2Fmedia&parent=11117"}],"curies":[{"name":"wp","href":"https:\/\/api.w.org\/{rel}","templated":true}]}}